13*f + 10 = w. Suppose -29 + f = 4*r. Let k(y) = -y + 4. Determine k(r).
11
Suppose -302 + 92 = 7*o. Let g(v) = -17*v - 511. What is g(o)?
-1
Let g(m) = -30 + 66*m - 70*m + 3*m**2 - 5 - 2*m**2 - 29. Let p be g(-6). Let y(u) = -4*u - 8. Determine y(p).
8
Let k(f) = 2*f**2 + 24*f - 125. Let r be (-3)/(-9) + ((-406)/(-42) - 6). What is k(r)?
3
Let o be 80/6 - 8/6. Let g = o + 20. Suppose m = 31 - g. Let y(w) = w**2 + 2*w + 1. What is y(m)?
0
Let x(t) = -t**3 + 6*t**2 + 17. Let o(j) = -2*j**3 - 133*j**2 + 54*j - 865. Let h be o(-67). Determine x(h).
17
Let b(h) be the first derivative of h**3/3 - 9*h**2/2 - 14*h + 3. Let f be (-8)/14 - 24/(-42). Suppose f = -29*g + 18*g + 110. Calculate b(g).
-4
Let a(i) be the second derivative of i**4/12 + 11*i**3/6 - 7*i**2/2 + i + 1216. Give a(-11).
-7
Let u(n) = 5*n**2 + 25*n + 20. Let y(d) = -10*d**2 - 57*d - 46. Let h(f) = 9*u(f) + 4*y(f). Give h(2).
10
Let u(i) = i**2 - 2*i - 1. Let v be u(4). Let z(w) = 13 - 3 - 5 + w + 3*w + w - w**2. Calculate z(v).
-9
Let f be 5/1 + (2 + -2)/5. Suppose s + 3*s = -p + 9, f*p = -15. Let b(q) = -q + 4. Give b(s).
1
Suppose -3*n = 4*v - 7, 2*n = 4*v + 4*n - 2. Let k be 4 - (v + 3)*12. Let l(o) be the first derivative of -o**2/2 - 18*o + 36. What is l(k)?
-10
Let p(f) be the first derivative of 3*f - 196 + 1/2*f**2. What is p(5)?
8
Let b = 40 - 11. Let u = 8 + -30. Let v = b + u. Let a(c) = c**3 - 6*c**2 - 5*c - 5. Determine a(v).
9
Let p = 151 + -152. Let y(c) = -c**2 + c - 1. Let i(h) = -h**3 - 11*h**2 + 7*h + 3. Let v(q) = p*i(q) + 5*y(q). Give v(-6).
4
Let z(g) = -g. Let y(v) = v**2 + 17*v - 24. Let r be y(-18). Let p(x) = x**2 - 7*x - 3. Let o(m) = r*z(m) - p(m). What is o(9)?
39
Let a be (-1)/(-6)*(-157 - -151). Let y(f) = 21*f - 2. Give y(a).
-23
Let c(l) = 3 - 2 + l - 8. Let n(t) = -t**3 + 2*t**2. Let b be ((-10 - -6)/(-12))/((-2)/6). Let x be n(b). Calculate c(x).
-4
Let m(h) = -h**3 - 14*h**2 + 33*h + 10. Let s = 9440 - 9456. Calculate m(s).
-6
Suppose -8*d + 3894 = 630. Suppose -d = 12*b - 4*b. Let r = b + 47. Let h(n) = -n - 4. Calculate h(r).
0
Let h(s) be the third derivative of -s**6/120 + s**5/60 + s**4/6 - 2*s**3/3 + 615*s**2 + 2. Determine h(2).
0
Let w be ((-371)/159)/((-2)/(-18)). Let z(n) = n**2 + 21*n - 26. Determine z(w).
-26
Suppose 0 = o + 4*o - 75. Let g(s) be the third derivative of -s**4/24 + 3*s**3/2 + 14*s**2 - 2*s - 556. Give g(o).
-6
Let f(w) = 10*w**3 - w**2 + 2*w - 1. Suppose 0 = 300*c - 296*c - 52. Suppose c*r - 12*r + 4*u = -11, -3 = u. Give f(r).
10
Let r(c) be the first derivative of c**2/2 + 8*c - 4148. Determine r(8).
16
Let q be (-1)/3*(-45)/5. Let d(k) = -k**3 + 4*k**2 - 3*k + 1. Let j be d(q). Let t(p) = 12*p - 1. Determine t(j).
11
Let r = -26 - -28. Suppose 6*h - r = 16. Let p(w) = -4*w**3 + 7*w**2 - 3*w**2 + h + 3 + 4*w + 3*w**3. Determine p(5).
1
Let d(i) be the third derivative of -20*i**2 + 0 - 1/8*i**4 + 0*i**3 + 0*i. Suppose q + 15 = -4*q. Determine d(q).
9
Let t(n) be the first derivative of -n**4/4 - 5*n**3 - 7*n**2 - 20*n - 5335. What is t(-14)?
-20
Let a(i) = -125*i + 1870. Let w be a(15). Let f(q) = -q**3 - 3*q**2 - q. Let d(t) = 3*t**3 + 8*t**2 + 3*t - 1. Let p(s) = 2*d(s) + 7*f(s). Calculate p(w).
3
Let i be 1*3 - (4 + -3). Let g = 456 - 452. Let s(d) = 3 - 3 - 5*d + 7*d - g*d. What is s(i)?
-4
Let x(r) = 5*r**2 + r + 4. Let t = -6559 + 6562. Calculate x(t).
52
Suppose -o + 5 = -9. Suppose 0 = -6*k + 11*k - 25. Let b(x) = -x - k*x + o*x - x + 3 + x**2. What is b(-3)?
-9
Let q(s) = s**3 - 7*s**2 + 8*s - 6. Suppose 3*m - 2*w + 3 = 7, -m = -3*w + 8. Let a(h) = -h**3 + 5*h**2 - h - 7. Let i be a(m). Calculate q(i).
-16
Let g(m) = -m - 3. Let n(s) = 3*s + 2. Let b(l) = -l - 1. Let i(d) = -4*b(d) - n(d). Let t(u) = -6*g(u) - 5*i(u). Determine t(0).
8
Suppose k + 2 = a - 2, -5*k = -10. Let p(w) = -6*w**2 + 340 - 172 + 3*w - 167 + w**3. Give p(a).
19
Let l(r) be the second derivative of -3*r**2 - 1/20*r**5 + r - 5/6*r**3 + 1/2*r**4 + 0. Let k(w) = -2*w**2 + 24*w - 35. Let p be k(10). What is l(p)?
-6
Suppose -288 = -5*r + 2*r. Let a be 9/((-54)/(-4))*r. Let k(n) = 7*n + a + 5*n**2 - 28 - 32 - 4*n**2. Determine k(-5).
-6
Let n = 2 - 3. Let o(j) = 5*j**2 + 2*j + 1. Let z be o(n). Suppose 2 = -d, 5*b = -z*d - 0 - 8. Let u(g) = g**3 + g - 2. Give u(b).
-2
Suppose 0 = f - 1 + 6. Let n(w) = 4*w**2 - 17*w - 105. Let j(r) = 2*r**2 - 10*r - 59. Let u(l) = 9*j(l) - 5*n(l). Calculate u(f).
-31
Let r(l) = -3 - 3*l + 52*l**2 - 141*l**2 + 90*l**2. Suppose 3*i = -0*i - 3*b, -4*b = i + 9. What is r(i)?
-3
Let k(y) = 37*y**3 + 47*y**2 - 10*y + 94. Let t(w) = -13*w**3 - 16*w**2 + 3*w - 32. Let o(s) = -6*k(s) - 17*t(s). What is o(-11)?
2
Let p(g) = 10*g**2 + 187*g - 56. Let o be p(-19). Let u(b) be the third derivative of -b**5/60 + b**4/12 - b**3/6 - 3*b**2. Give u(o).
0
Let t = -104 - -111. Let m be (-9)/t + (320/(-56) - -6). Let g(l) = 3*l**3 + l**2 - 5. Let x(a) = 1. Let o(h) = -g(h) - 4*x(h). Give o(m).
3
Suppose 0 = -4*x + 2*x + 24. Suppose 0 = -6*j + 8*j - x. Let d(r) be the third derivative of -r**4/12 + 4*r**3/3 + 39*r**2. Determine d(j).
-4
Let d(y) = -y + 15344400 - 6*y**2 + y**3 - 15344370 + 0*y**2 - 5*y. Determine d(7).
37
Let z(v) = v**3 - 7*v**2 - 3*v + 7. Suppose -5*w + 25 = 27*u - 22*u, -3*w + 39 = -5*u. Determine z(w).
47
Suppose -6*b = 5*t - 47, -b = 47*t - 50*t - 4. Let a(f) = -f**3 + 10*f**2 - 14*f - 16. Give a(b).
33
Suppose 25*y = 34*y - 18. Let h be (y/(-6))/((-38)/(-570)). Let k(z) = -4*z + 7. Calculate k(h).
27
Suppose 33*s - 14*s - 144 = -17*s. Let r(g) be the third derivative of 0*g + 1/6*g**s + 0 + 1/3*g**3 + 1/60*g**5 + 35*g**2. Calculate r(-3).
-1
Let m(y) = -18*y - 1. Let s(i) = 7*i + 1. Let l(p) = -2*m(p) - 5*s(p). Let c be (-5 - (-1 - 14)) + -6. What is l(c)?
1
Let l(x) = 19*x**2 - 52*x + 62. Let n(k) = -7*k**2 + 17*k - 21. Let b(m) = 3*l(m) + 8*n(m). Let w be b(19). Let r(u) = -12*u**3 - 2*u**2 - u. Determine r(w).
11
Let l(o) = 2*o - 2. Let x be (-2)/3 + 57/(-9). Let t be 1 - 1 - x/((-14)/(-6)). Suppose k + t*k = -20. Give l(k).
-12
Let m(z) = z**2 + 8*z - 13. Suppose 8*g = 7*g - 2*v + 8, -4*v = -8. Let d be ((-114)/22 - g) + (-28)/(-154). Give m(d).
-4
Let y(f) be the second derivative of 4*f**3/3 - 4*f**2 - 169*f. Let q(o) = -1. Let m(g) = -6*q(g) + y(g). Calculate m(2).
14
Let j(o) = o**2 - 3*o - 7. Let a be 3 - (-2 + (9 - 3) + -4). Give j(a).
-7
Let d(b) = b**3 + 14*b**2 + 13*b + 5. Let z be d(-13). Let w(a) = -z - 10*a + 2*a + 9*a. Calculate w(6).
1
Let h(i) = -i - 4 + 1 - 3*i**2 + 4*i**2. Let y = -15103 + 15108. Calculate h(y).
17
Let x(d) = -d**2 - 32*d - 13. Let m(o) = -49 - 69 - o**2 + 105 - 30*o + 0*o**2. Let p(r) = 5*m(r) - 4*x(r). Determine p(-21).
8
Let b(u) = 23*u - 8. Let x be b(2). Suppose 11*f - 72 - x = 0. Let d(v) = v**3 - 9*v**2 - 10*v + 5. Give d(f).
5
Let x = 440 + -444. Let r(i) = -i + 5. Let m(u) = -6*u + 26. Let f(n) = 2*m(n) - 11*r(n). Calculate f(x).
1
Let y(p) = -p**3 - p**2 + p - 18. Suppose g = 0, 0 = -3*c - 2*g - 14 + 2. Let q be 80/30*(-6)/c. Suppose -q*d - 5*a = -15, -a = d - 6*a + 15. What is y(d)?
-18
Let v(s) = -s**3 - 3*s**2 - 2*s. Let a(f) = 5*f + 8 + 15 + 5. Let u be a(-6). Give v(u).
0
Let l = 25828 + -25840. Let u(n) = -n**3 - 12*n**2 + 3*n + 23. What is u(l)?
-13
Let s be (1296/(-1080))/((-3)/20). Let h(z) = 3*z - 17. Give h(s).
7
Suppose 4 = 4*t, 4*t + 41 = 35*u - 32*u. Suppose 102 = 2*c + u*c. Let x(d) = d**2 - 5*d + 7. What is x(c)?
13
Suppose 2*f - 3*h = -40, -2*f = -5*f - 4*h - 9. Let w(q) = q + 11. Give w(f).
0
Let a(c) = -2*c + 3. Let f be (-18)/3*(-1)/2. Suppose 6 = -0*u + f*u, 0 = t - 3*u + 1. Let p be (t - 1 - -2) + -4. Calculate a(p).
-1
Let b(f) = 1173*f**2 + 1162*f**2 - 2 - 13*f - 4 - 3495*f**2 + 1159*f**2. What is b(0)?
-6
Let f(g) = 11*g**2 - 4*g - 7. Let c(y) = 6*y**2 - 2*y - 4. Let x(b) = 7*c(b) - 4*f(b). Let v(q) = 8*q**2 - 16*q + 6. Let o(r) = -v(r) - 3*x(r). Give o(6).
-18
Let y(l) = l**3 - 6*l**2 - 13*l - 18. Let i be y(8). Suppose 374 = i*u + 380. Let b(m) = -2*m**3 + m**2 + 3*m + 2. Give b(u).
2
Let n = -201 - -205. Let q(u) = -17*u**3 + 7*u**2 + 16*u + 2. Let i(b) = -6*b**3 + 2*b**2 + 5*b + 1. Let c(f) = 11*i(f) - 4*q(f). Determine c(n).
-1
Let p(y) = 9*y**2 - 2*y**3 - 15*y - 27 + 14 - 38*y**2. Let d be p(-14). Let o(h) = 5*h**3 - 2*h**2 